{"id":19,"date":"2025-07-09T18:21:32","date_gmt":"2025-07-09T16:21:32","guid":{"rendered":"https:\/\/sioplc.fr\/?page_id=19"},"modified":"2025-07-09T18:21:32","modified_gmt":"2025-07-09T16:21:32","slug":"dcg-classe-preparatoire","status":"publish","type":"page","link":"https:\/\/sioplc.fr\/index.php\/dcg-classe-preparatoire\/","title":{"rendered":"DCG \u2013 Classe pr\u00e9paratoire"},"content":{"rendered":"\n<p><strong>Le DCG, Dipl\u00f4me de Comptabilit\u00e9 G\u00e9n\u00e9rale,<\/strong>&nbsp;se pr\u00e9pare en 3 ans dont 8 semaines de stage en milieu professionnel.<\/p>\n\n\n\n<p><strong>Il s\u2019agit donc d\u2019un dipl\u00f4me de niveau licence. Sa premi\u00e8re ann\u00e9e correspond \u00e0 une classe pr\u00e9paratoire.<\/strong><\/p>\n\n\n\n<p>Il permet de poursuivre des \u00e9tudes vers l\u2019expertise comptable\u2026 ou vers un MASTER contr\u00f4le de gestion, banque ou assurance, gestion de patrimoine, gestion des risques,\u2026<\/p>\n\n\n\n<p>Il est possible de s\u2019ins\u00e9rer dans le milieu du travail avec un DCG, m\u00eame si l\u2019objectif premier est la poursuite d\u2019\u00e9tudes :&nbsp;<strong>m\u00e9tiers de la comptabilit\u00e9<\/strong>, de l\u2019audit et du conseil \u2013&nbsp;<strong>m\u00e9tiers en lien avec le contr\u00f4le de gestion<\/strong>, la finance, l\u2019assurance et la banque \u2013 m\u00e9tiers juridiques (juristes d\u2019entreprise, m\u00e9tiers du notariat) \u2013 m\u00e9tiers de la fonction publique : enseignement, contr\u00f4leur ou inspecteur des finances publiques\u2026<\/p>\n\n\n\n<h3 class=\"wp-block-heading\">LES CONDITIONS D\u2019ADMISSION<\/h3>\n\n\n\n<p>En 1\u00e8re ann\u00e9e : apr\u00e8s un baccalaur\u00e9at g\u00e9n\u00e9ral ou STMG, faire acte de candidature sur le site Parcoursup.fr<\/p>\n\n\n\n<p>En 2\u00e8me ann\u00e9e : sur dossier apr\u00e8s un BTS CG ou un DUT GEA. Retirer un dossier de candidature aupr\u00e8s du secr\u00e9tariat du lyc\u00e9e.<\/p>\n\n\n\n<p>Pour plus d\u2019informations sur le DCG du lyc\u00e9e Paul-Louis Courier, rendez-vous&nbsp;<a href=\"https:\/\/dcgtoursplc.wixsite.com\/accueil\" target=\"_blank\" rel=\"noreferrer noopener\">sur le site<\/a><\/p>\n\n\n\n<figure class=\"wp-block-image size-full\"><img loading=\"lazy\" decoding=\"async\" width=\"900\" height=\"600\" src=\"https:\/\/sioplc.fr\/wp-content\/uploads\/2025\/07\/Salle-de-cours-Lycee-Paul-Louis-Courrier102-2.jpg\" alt=\"\" class=\"wp-image-20\" srcset=\"https:\/\/sioplc.fr\/wp-content\/uploads\/2025\/07\/Salle-de-cours-Lycee-Paul-Louis-Courrier102-2.jpg 900w, https:\/\/sioplc.fr\/wp-content\/uploads\/2025\/07\/Salle-de-cours-Lycee-Paul-Louis-Courrier102-2-300x200.jpg 300w, https:\/\/sioplc.fr\/wp-content\/uploads\/2025\/07\/Salle-de-cours-Lycee-Paul-Louis-Courrier102-2-768x512.jpg 768w\" sizes=\"auto, (max-width: 900px) 100vw, 900px\" \/><\/figure>\n","protected":false},"excerpt":{"rendered":"<p>Le DCG, Dipl\u00f4me de Comptabilit\u00e9 G\u00e9n\u00e9rale,&nbsp;se pr\u00e9pare en 3 ans dont 8 semaines de stage en milieu professionnel. Il s\u2019agit donc d\u2019un dipl\u00f4me de niveau licence. Sa premi\u00e8re ann\u00e9e correspond \u00e0 une classe pr\u00e9paratoire. Il permet de poursuivre des \u00e9tudes vers l\u2019expertise comptable\u2026 ou vers un MASTER contr\u00f4le de gestion, banque ou assurance, gestion de [&hellip;]<\/p>\n","protected":false},"author":1,"featured_media":0,"parent":0,"menu_order":0,"comment_status":"closed","ping_status":"closed","template":"","meta":{"footnotes":""},"class_list":["post-19","page","type-page","status-publish","hentry"],"_links":{"self":[{"href":"https:\/\/sioplc.fr\/index.php\/wp-json\/wp\/v2\/pages\/19","targetHints":{"allow":["GET"]}}],"collection":[{"href":"https:\/\/sioplc.fr\/index.php\/wp-json\/wp\/v2\/pages"}],"about":[{"href":"https:\/\/sioplc.fr\/index.php\/wp-json\/wp\/v2\/types\/page"}],"author":[{"embeddable":true,"href":"https:\/\/sioplc.fr\/index.php\/wp-json\/wp\/v2\/users\/1"}],"replies":[{"embeddable":true,"href":"https:\/\/sioplc.fr\/index.php\/wp-json\/wp\/v2\/comments?post=19"}],"version-history":[{"count":1,"href":"https:\/\/sioplc.fr\/index.php\/wp-json\/wp\/v2\/pages\/19\/revisions"}],"predecessor-version":[{"id":21,"href":"https:\/\/sioplc.fr\/index.php\/wp-json\/wp\/v2\/pages\/19\/revisions\/21"}],"wp:attachment":[{"href":"https:\/\/sioplc.fr\/index.php\/wp-json\/wp\/v2\/media?parent=19"}],"curies":[{"name":"wp","href":"https:\/\/api.w.org\/{rel}","templated":true}]}}